441 = 0. Suppose -7 = -z + 5*h + 29, 0 = 5*z + h - 102. What is the highest common divisor of z and g?
21
Suppose -5*y - 4*s + 3691 = 0, 4*y - 2944 = 18*s - 19*s. What is the highest common factor of 588 and y?
147
Suppose 4*s - 350 = -s. Suppose 0 = 3*i - 5*q - 127, 21 - s = -i + 5*q. Calculate the greatest common divisor of i and 52.
13
Let c(o) = o**3 + 30*o**2 - 50*o + 20. Let n be c(-31). What is the greatest common divisor of 174 and n?
87
Let j be (-2)/5 - 22/(-5). Suppose 5 = j*w - 3. Suppose 196 = 9*s + 5*s. What is the greatest common divisor of w and s?
2
Let h(y) = 3*y - 3. Let t(d) = d**3 - 5*d**2 - 5*d - 2. Let n be t(6). Let r be h(n). Suppose 2*z - 55 = 17. Calculate the highest common factor of r and z.
9
Suppose -153 + 135 = -2*c. Let b be (-11)/(-1)*c/3. Let x(y) = 23*y**3 - y. Let w be x(1). What is the highest common factor of w and b?
11
Suppose -224 = -5*q - 2*a - 0*a, 3*a + 239 = 5*q. Let r = q - 34. Calculate the greatest common factor of 108 and r.
12
Let z be 16/6 + (-2)/3. Let i = -54 - -39. Let d be 36/i*(-40)/6. Calculate the greatest common divisor of d and z.
2
Let d(n) = 13*n + 6. Let f be d(5). Let t be 5 - -5*(-8)/20. Suppose -f = -t*m + 118. What is the highest common divisor of m and 21?
21
Suppose 0 = 9*p - 4*p + 3*s - 15, 0 = s. Suppose 2*n = -p*n + 25. Suppose -5*m + 140 - 40 = 0. Calculate the greatest common factor of n and m.
5
Let v be ((-1032)/(-20) - -3)/((-3)/(-30)). Calculate the greatest common factor of 78 and v.
78
Let s be 9/21 + 53/7. Suppose -x + s = 26. Let b = 24 + x. What is the greatest common factor of b and 6?
6
Suppose -40*i - 798 = -46*i. What is the highest common divisor of 14 and i?
7
Let y(r) be the second derivative of -r**3/6 + 15*r**2/2 - 18*r. Let g be y(4). Calculate the greatest common factor of 44 and g.
11
Let x be 1/(126/(-128) + 1). Let y(o) = 18*o**2 + 332*o - 2064. Let k be y(6). Calculate the greatest common divisor of x and k.
64
Let r(g) = g + 3. Let a be r(3). Let o be (-1 - (-720)/4) + -1. Suppose 4*d - o = 5*h, 109 = 3*d + 3*h - 11. What is the greatest common factor of d and a?
6
Suppose -3*z - 20 = -4*f, 5*z - 2*f + 37 = 13. Let p be (-3)/z + 25/4. Suppose 3*y = p*y - 616. What is the greatest common factor of y and 22?
22
Let t be ((-174)/12)/(-1 - 2/(-4)). Suppose 5*l - 4*a - 170 = a, 0 = l - 4*a - 49. What is the greatest common divisor of l and t?
29
Let n(h) = -h + 24. Let l be n(19). Suppose m - 6*m + 420 = l*c, -5*c = -5*m + 380. What is the greatest common factor of 10 and m?
10
Let j(m) = 54*m**3 + m**2 - 1. Let g be j(-1). Let k be (-160)/(-12)*g/(-8). Let v = k + -46. What is the greatest common divisor of 110 and v?
22
Let a = 365 - 351. Calculate the greatest common divisor of 266 and a.
14
Let c = 605 - 361. What is the greatest common factor of 12 and c?
4
Let g be (-1654)/(-3) + 17/(-51). Suppose 0*c - 4*c - q = -g, 0 = -c - 5*q + 133. What is the greatest common divisor of c and 23?
23
Let m = -151 + 265. Suppose 5*a = 3*h + 3*a - 168, m = 2*h - 2*a. Let f = -582 + 588. Calculate the highest common factor of h and f.
6
Suppose 3658 = 4*h + 5*f, f = 3*h + 2*f - 2738. What is the greatest common factor of h and 57?
57
Suppose 4*h = -331 + 115. Let k = 78 + h. Calculate the greatest common divisor of k and 48.
24
Let v = 207 + -204. Suppose 0 = -5*n + 5 - 0. Calculate the greatest common divisor of v and n.
1
Let f = 240 - 81. Calculate the greatest common divisor of f and 53.
53
Suppose 6*x + 12*x = 252. What is the highest common factor of x and 567?
7
Suppose -10 = -2*x - 5*k, -5*x + 4*k + 2 = 5*k. Suppose -3*u + x*z = -z - 194, 2*z + 199 = 3*u. Calculate the highest common factor of u and 7.
7
Let t(b) = 2*b**3 - 3*b**2 + b - 2. Let p be t(2). Suppose -p*f + 102 = -3*f - v, 0 = -3*f - 5*v + 306. Calculate the highest common factor of 34 and f.
34
Let u(p) = 3*p + 54. Let n be u(-17). Suppose 0 = -3*z - 0*x + n*x + 36, 12 = z - 2*x. What is the greatest common factor of z and 30?
6
Let r = 90 + 86. What is the greatest common factor of 16 and r?
16
Let r be (208/(-65))/((-3)/45). Calculate the highest common factor of r and 432.
48
Let j(g) = g**2 + 27*g + 32. Let m be j(-26). Calculate the highest common factor of m and 156.
6
Let p = -309 - -385. Calculate the highest common divisor of 114 and p.
38
Suppose w + 76 = 4*s, 3*s + w - 9 - 41 = 0. Suppose t - 2*z - 6 = -0*z, -t = z - 3. Suppose -t*y = -y - 81. What is the highest common factor of s and y?
9
Let h be (-2 + 1 - -64)/(10/30). What is the greatest common factor of 42 and h?
21
Suppose 0 = 5*t - 7*t + 32. Let u(x) be the first derivative of x**3 - x**2 - x - 6. Let r be u(5). What is the greatest common divisor of r and t?
16
Let r be (1 - 44/(-1)) + 0. Let a = r - 32. Suppose 3*f = 2 + a, 5*m = 3*f + 370. Calculate the greatest common factor of 11 and m.
11
Let n(o) = 153*o**2 + 6*o - 4. Let y be n(1). Calculate the greatest common factor of y and 62.
31
Suppose 3*q + k = 186, 3*q - k - k = 186. Let b = q - -31. Calculate the greatest common divisor of b and 62.
31
Let x be (32/10 + 2)/(4/10). Calculate the highest common factor of x and 377.
13
Let s(a) = a**3 - 7*a**2 + 6*a + 23. Let o be s(8). Let v be 1/(((-1)/(-15))/1). Calculate the greatest common factor of o and v.
15
Let a be 116/20 - 2/(-10). Let f be (-6)/(72/(-66))*12. Calculate the greatest common factor of f and a.
6
Suppose -3*u - 18 = 9. Let t = -16 + u. Let g be ((-2)/5)/(5/t). Calculate the greatest common divisor of g and 3.
1
Suppose 2*h + 27 = -0*x + 5*x, x = -5*h. Let z be (-2)/x - (-84)/35. Suppose -7*d + z*d = -75. What is the highest common divisor of 45 and d?
15
Suppose 5*w = 5*o + 40, 2*w - 3 - 1 = -2*o. Suppose 2*m + w = 55. Let r = 918 - 908. What is the greatest common factor of m and r?
5
Let j(z) be the second derivative of -16*z**3/3 - 55*z**2/2 - 22*z. Let h be j(-11). Calculate the greatest common factor of h and 27.
27
Suppose -2*q + 4*r + 312 = 0, 4*q - 853 = 3*r - 229. What is the greatest common divisor of q and 276?
12
Suppose -67*d = -73*d + 78. What is the highest common divisor of d and 39?
13
Let h be (-823)/(-15) - 6/(-45). Suppose -3*t + h = 13. Calculate the highest common divisor of 35 and t.
7
Suppose -2 = 5*u + 38. Let x = u + 13. Suppose -4*v + x*t = -360, 2*v + t = -2*t + 202. What is the greatest common factor of v and 38?
19
Suppose 5*z - 5*g - 30 = 0, -2*g = -z - 0*g + 3. Calculate the highest common divisor of 117 and z.
9
Suppose 394 = 9*w + 151. What is the highest common factor of w and 432?
27
Let t(v) = -v**3 - 22*v**2 - 14*v + 30. Let c be t(-22). Calculate the highest common divisor of 26 and c.
26
Let k be -26*(9/(-3))/6. Let w(c) = 2*c - 11. Let q be w(12). Calculate the highest common factor of k and q.
13
Let x(h) = -h**3 + 32*h**2 - 32*h + 75. Let p be x(31). Calculate the highest common divisor of p and 198.
22
Suppose -4*d - a = -10, -4*a - 3 + 4 = 3*d. Suppose i + 154 = d*i. Calculate the highest common divisor of i and 7.
7
Let b(j) = -j**3 - 21*j**2 - 56*j + 6. Let h be b(-18). Calculate the highest common divisor of h and 70.
14
Let p = -93 - -106. What is the greatest common factor of p and 104?
13
Suppose -m + 5 = 1. Suppose 3*h + 4*r - 3 = -5, 0 = 5*h + 3*r - m. Let g be (0 + h)/2*19. What is the greatest common factor of 38 and g?
19
Suppose 4*b + 107 = -3*o, 2*b - 3*o + 54 = -13. Let k = b - -31. Let g(v) = v**2 + v + 10. Let n be g(0). What is the highest common factor of k and n?
2
Let l(t) = 10*t**2 - 4*t + 10. Let x be l(5). Let b be ((-6)/8)/(((-44)/x)/11). What is the greatest common divisor of 18 and b?
9
Let k = 2496 + -2461. What is the highest common factor of 427 and k?
7
Suppose 0 = -4*a - 5*r - 12, 14 = a - 5*r - 8. Calculate the greatest common divisor of 46 and a.
2
Suppose 0 = 20*p - 16*p - 224. Calculate the greatest common divisor of p and 14.
14
Suppose 0 = -t + o + 28, -t - 2*o - 104 = -5*t. Suppose -299 = 4*u - 2219. Suppose 5*q - 10*q + u = 0. Calculate the greatest common factor of t and q.
24
Suppose 2*y - 11*n = -7*n + 178, 77 = y + n. Let h be ((-54)/(-8))/((-2)/(-16)). What is the highest common factor of h and y?
27
Let g be 1/(5/182*10/25). Suppose -25 = -5*z, 44 = 3*q + 2*z - z. Calculate the greatest common divisor of 